461144 + 5?
12461152
In base 14, what is -9b + 4b?
-50
In base 13, what is 10a - -763?
870
In base 6, what is -2001444 + 11?
-2001433
In base 13, what is 2 + -158400?
-1583cb
In base 16, what is 6 + 1466b?
14671
In base 16, what is 2d7170 - 0?
2d7170
In base 5, what is -242303 + 4?
-242244
In base 12, what is 1 + -69705?
-69704
In base 12, what is 13320 + 4?
13324
In base 11, what is 146 - -6?
151
In base 5, what is 322114 + -1012?
321102
In base 11, what is -9969 - 1?
-996a
In base 11, what is 4 - 20505?
-20501
In base 6, what is 1541 + -1535?
2
In base 8, what is -1001 - 431?
-1432
In base 4, what is 122303 - -121?
123030
In base 9, what is -375 + 1881?
1505
In base 3, what is 122001100 + -102?
122000221
In base 6, what is 113 + -4155?
-4042
In base 13, what is -6 - 564b?
-5654
In base 3, what is 210010101 + 21?
210010122
In base 5, what is 323400 - -2?
323402
In base 15, what is -4dac + -10?
-4dbc
In base 6, what is -1 + -4243?
-4244
In base 14, what is -5 + -2124?
-2129
In base 12, what is 3 + 26ba1b?
26ba22
In base 3, what is 1121201 + 1100?
1200001
In base 12, what is -a128 + -3?
-a12b
In base 5, what is 34110 + -103?
34002
In base 12, what is 212 - 93?
13b
In base 8, what is -53374 + 2?
-53372
In base 9, what is -761 - -50?
-711
In base 9, what is -10 + 70455?
70445
In base 12, what is -74 + 40?
-34
In base 7, what is -1026 - 11?
-1040
In base 2, what is 1011 + 111100101011100111?
111100101011110010
In base 5, what is -12230122 + -10?
-12230132
In base 9, what is -6 - 436681?
-436687
In base 6, what is -13 + -30255?
-30312
In base 11, what is 3156 - 194?
2a72
In base 14, what is 96 + ba?
172
In base 7, what is -30624524 + -1?
-30624525
In base 14, what is -141 + 294c?
280b
In base 9, what is -5 - 17363?
-17368
In base 11, what is 926 + 423?
1249
In base 12, what is 2547 + -3a0?
2167
In base 5, what is 0 + -24143203?
-24143203
In base 8, what is -15 - 16463?
-16500
In base 7, what is 542150 - -6?
542156
In base 8, what is 3212754 + -5?
3212747
In base 10, what is -7 - -3880?
3873
In base 8, what is -3 + -32663?
-32666
In base 4, what is -1300103133 - -1?
-1300103132
In base 15, what is -2 - -604e?
604c
In base 11, what is 635 + -4?
631
In base 8, what is -20763 - -5?
-20756
In base 14, what is 5 + 4322?
4327
In base 12, what is -124 - -208?
a4
In base 10, what is -40466 - 4?
-40470
In base 11, what is 4416 - 4?
4412
In base 3, what is 1112 + -11122?
-10010
In base 10, what is -4 - 36246?
-36250
In base 16, what is 4 - e9ac?
-e9a8
In base 15, what is 3c5 - -2?
3c7
In base 8, what is 4 + 1764160?
1764164
In base 4, what is 300 + -130231?
-123331
In base 10, what is -411726 + -2?
-411728
In base 10, what is 16 - -58693?
58709
In base 10, what is 156402 - 7?
156395
In base 12, what is -22 - 8b20?
-8b42
In base 3, what is 10122 - 110212?
-100020
In base 10, what is -20246 + -2?
-20248
In base 15, what is 3d8 + 35?
41d
In base 9, what is 1166 + -171?
885
In base 11, what is 892 - -5a2?
1384
In base 3, what is 212110002022122 - -10?
212110002022202
In base 10, what is -2092 - -265?
-1827
In base 14, what is 0 - 7c9?
-7c9
In base 10, what is -9 + -345?
-354
In base 15, what is -164e3a - 0?
-164e3a
In base 9, what is -13 + 224460?
224446
In base 11, what is -5a48 - -295?
-5763
In base 13, what is 643 - 4?
63c
In base 4, what is -2 + -3331022?
-3331030
In base 12, what is -38007 - -1?
-38006
In base 14, what is 838 + -115?
723
In base 15, what is -1a74 + 10?
-1a64
In base 4, what is 2210311 + 11?
2210322
In base 16, what is 3 + -8b43?
-8b40
In base 7, what is -1324 + -1462?
-3116
In base 14, what is -65d7 + 2?
-65d5
In base 14, what is 2d028 + 0?
2d028
In base 16, what is -d - -1e9?
1dc
In base 2, what is 101 - -1000010101011?
1000010110000
In base 5, what is -4 - 2103322?
-2103331
In base 7, what is -1 - 331253?
-331254
In base 15, what is 7 + -1499e?
-14997
In base 3, what is -2111 - 101202022?
-101211210
In base 5, what is -2042 - 444?
-3041
In base 11, what is -4 + 29563?
2955a
In base 15, what is b46 - -ba?
c11
In base 7, what is -2334 + 315?
-2016
In base 7, what is 651 - -2?
653
In base 16, what is -172 + 881?
70f
In base 12, what is 23 - 1135?
-1112
In base 10, what is -15302 - -23?
-15279
In base 6, what is 5 - -1120045?
1120054
In base 9, what is 1056 - 48?
1007
In base 15, what is 3bbb0 - 7?
3bba8
In base 2, what is -111110110011 + -100010?
-111111010101
In base 7, what is -33 + -21140?
-21203
In base 10, what is 2 - -22951?
22953
In base 3, what is 12 - 2211220?
-2211201
In base 9, what is -2 - -23252?
23250
In base 11, what is -8 - 183967?
-183974
In base 2, what is -11 + 1001010110101110111?
1001010110101110100
In base 6, what is 2 + 2110303?
2110305
In base 14, what is -6b7b + -2?
-6b7d
In base 16, what is 3 - -34ae?
34b1
In base 5, what is 404400 + -303?
404042
In base 2, what is 1011010111001100 - 10?
1011010111001010
In base 4, what is -30001 + 1003?
-22332
In base 13, what is -7a68 + -2?
-7a6a
In base 7, what is -13 - -165542?
165526
In base 10, what is 0 + 1587814?
1587814
In base 9, what is -388646 - 30?
-388676
In base 9, what is -12332 - -20?
-12312
In base 13, what is -4 + 4aba3?
4ab9c
In base 6, what is -14454532 + 2?
-14454530
In base 10, what is -1 + -602?
-603
In base 16, what is -47 + 2379?
2332
In base 14, what is 15613 - -17?
1562a
In base 8, what is 2 + 2505?
2507
In base 11, what is -130 - -15?
-116
In base 15, what is -3 - -1dae0?
1dadc
In base 8, what is -5 + 211714?
211707
In base 14, what is 7558c - -3?
75591
In base 16, what is 69a + 5b?
6f5
In base 3, what is -1120 + -10200210012?
-10200211202
In base 3, what is -110 - -220212111?
220212001
In base 4, what is 320 + -1000010?
-333030
In base 4, what is -12 + -10120230?
-10120302
In base 14, what is -129 - -222?
d7
In base 7, what is -22 - 240?
-262
In base 7, what is 112342 - -5?
112350
In base 9, what is -121544 + 5?
-121538
In base 14, what is -2 - -14b774?
14b772
In base 3, what is 1001202120 + 1002?
1001210122
In base 12, what is -1324 - -1404?
a0
In base 16, what is -31 - 2219?
-224a
In base 14, what is -c + -2b379?
-2b387
In base 5, what is 313 + -4034?
-3221
In base 3, what is 1 - -2021111221?
2021111222
In base 14, what is -1 + -d30?
-d31
In base 5, what is -2333442 - 12?
-2334004
In base 15, what is -ca5c - 7?
-ca64
In base 15, what is 27 - e6?
-be
In base 10, what is -986782 + -5?
-986787
In base 11, what is 5a + 60513?
60572
In base 8, what is -167 - -575?
406
In base 14, what is -8c6 - ad?
-995
In base 14, what is -55aa7 - 0?
-55aa7
In base 7, what is -325 - 4240?
-4565
In base 12, what is 5 - 12463b?
-124636
In base 10, what is 0 + 1558687?
1558687
In base 14, what is -58 - 4b4?
-52c
In base 9, what is -3 + -60804?
-60807
In base 7, what is -1 - 26562?
-26563
In base 6, what is 0 - -14552433?
14552433
In base 10, what is 0 + 3095?
3095
In base 7, what is -2456 + 162?
-2264
In base 8, what is 214277 - -13?
214312
In base 12, what is -296a - 0?
-296a
In base 14, what is 26258 - -1?
26259
In base 5, what is -10120 - -44?
-10021
In base 7, what is -23 - -21226?
21203
In base 8, what is -200346 - 5?
-200353
In base 12, what is -859 - 93?
-930
In base 8, what is 11201 - 1612?
7367
In base 8, what is 154341 - 26?
154313
In base 10, what is 12 - -20094?
20106
In base 8, what is 1312 - 66?
1224
In base 14, what is 5 - 46d3?
-46cc
In base 12, what is 1212 - 89?
1145
In base 3, what is -110 + 20221211?
20221101
In base 2, what is 11111 + -1010?
10101
In base 10, what is 219187 - -9?
219196
In base 4, what is 3 + 220022011?
220022020
In base 8, what is -12670 + 15?
-12653
In base 8, what is 6 - 11177?
-11171
In base 16, what is -481b - -11?
-480a
In base 5, what is 10 + 2412113?
2412123
In base 10, what is 9504 + 530?
10034
In base 15, what is -877 + 13?
-864
In base 13, what is 2 - -359515?
359517
In base 9, what is -31516 - 81?
-31607
In base 9, what is 51786 - 71?
51715
In base 16, what is b2f + -539?
5f6
In base 13, what is -1435 - -4?
-1431
In base 13, what is -531a - 32?
-534c
In base 14, what is -63 + d1b5?
d152
In base 15, what is -709d6 + -4?
-709da
In base 9, what is -3780717 + 1?
-3780716
In base 10, what is -950 - 554?
-1504
In base 9, what is -38111 - -2?
-38108
In base 2, what is -111111001110 - 1?
-111111001111
In base 15, what is 1be2 - -